Let h(d) = d**2 + 7*d + 6. Let a be h(-7). Let v = -22 + a. Let o = v - -30. What is the units digit of o?
4
Suppose -2*z + 972 = -128. What is the tens digit of z?
5
Let v = -144 + 209. Suppose 5*r - 4*z = v, z - 7 = -r - 3. What is the units digit of r?
9
Let r(x) = 3*x + x + 6 - 3*x + 0*x. What is the units digit of r(-2)?
4
Suppose -3*a + d + 18 = 0, -2*a = -3*a + 5*d + 20. Suppose o = -0*o + a*t + 53, 4*t - 20 = 0. What is the units digit of o?
8
Let r = -1392 + 1748. What is the tens digit of r?
5
Suppose 5*t = 11 + 4. Suppose t*o + 2*z = o + 108, 237 = 4*o - 3*z. What is the tens digit of o?
5
Let v(x) = 2*x + 2. Let g be v(1). Suppose -5*u + 47 = -4*l, 0*l + 35 = -3*l + g*u. Let i = 52 + l. What is the units digit of i?
9
Let k be 10 + -12 + 1*2. Suppose 7*j - 5*j - 104 = k. What is the tens digit of j?
5
What is the units digit of (-684)/(-15) - 21/35?
5
Suppose 12 = 2*o - 3*x + 2*x, -30 = -4*o + 5*x. Suppose 3*q - 114 = -33. Let h = q - o. What is the units digit of h?
2
Suppose 0 = 2*v - 4. Let c be (-1233)/(-12) + v/8. Let p = c - 56. What is the tens digit of p?
4
Let v(g) = 1238*g**2 - 3*g + 2. What is the hundreds digit of v(1)?
2
Let i be 4 - (-81)/(-36)*-4. Let s(g) = -1. Let w(z) = -z + 25. Let c(t) = 5*s(t) + w(t). What is the units digit of c(i)?
7
Suppose -3*u = u - 1408. Let z = u + -248. What is the tens digit of z?
0
Let k(v) = 55*v**2 + 2*v + 6. What is the hundreds digit of k(-3)?
4
Let u(h) = -h**3 - 10*h**2. Let l be u(-10). Let g(v) = -v - 27. Let p be g(l). Let q = p - -48. What is the tens digit of q?
2
Let i = -51 + 122. Suppose -5*j - i - 49 = 0. Let c = j + 39. What is the tens digit of c?
1
Suppose -3*n - x + 20 = 0, 3*x = -2*n - 2*x + 35. Suppose -1254 = -n*r - 4*g, 4*r = -g + 403 + 598. What is the hundreds digit of r?
2
Let b be 0 - -9 - (0 + 0). Let g = -5 + b. Suppose c = g + 4. What is the units digit of c?
8
Let c(y) = -y**3 + 6*y**2 + 2*y - 16. Let g be c(6). Let o(s) = -22*s - 20. What is the units digit of o(g)?
8
Suppose 19*a = 22*a + 12, 5*n = -3*a + 9313. What is the hundreds digit of n?
8
Let w(u) = u**2 + 46*u + 21. What is the hundreds digit of w(12)?
7
Let a(w) = w**2 - 14*w + 17. Let r be a(12). Let k(m) = -m + 5. Let l be k(r). Let z(s) = -s**2 + 16*s - 16. What is the tens digit of z(l)?
3
Let a = -61 + -9. Let k = 100 + a. Suppose 0*c + c = k. What is the units digit of c?
0
Suppose -24*w - 780 = -2820. What is the tens digit of w?
8
Let n = 29 - 26. Suppose 0 = -3*y + n*z + 97 + 101, -z + 1 = 0. What is the units digit of y?
7
Let d = 19 - 16. Suppose 0 = -d*a - a + 244. What is the units digit of a?
1
Let t be (1 - (-5)/(-5)) + -97. Let j = t - -169. What is the tens digit of j?
7
Suppose 3*j - 230 = -7*j. What is the tens digit of (3 - j)/((-2)/4)?
4
Let c be -3 - (-10 + 5 + -3). Suppose 0 = -2*i - c*d, i - 3*d = 3*i. What is the units digit of 6 + i/(4 - 3)?
6
Let h(a) = 19 - 7 - 4 - 3 + 3*a. What is the tens digit of h(13)?
4
Let g(t) = t**2 + 8*t + 5. Let n be g(-8). Suppose -6*h + h + 5*y + 1000 = 0, -n*h - 4*y + 1009 = 0. What is the hundreds digit of h?
2
Let b(r) = 7*r**3 + 5*r**2 + 4*r + 4. What is the thousands digit of b(5)?
1
Let m = -146 + 209. What is the hundreds digit of (3/(-2)*-7)/(m/1848)?
3
Let c(o) = -o**3 - 7*o**2 - 6*o - 5. Let l be c(-6). Let q = 20 + -4. Let d = q - l. What is the units digit of d?
1
Let w be (2 + -3)/(1 - (-5 + 5)). Let c(t) = t - 5. Let u be c(6). What is the tens digit of 5*(6 + u + w)?
3
Suppose -333*u - 1736 = -341*u. What is the units digit of u?
7
Let u be (-1)/2*0/((-4)/1). Let o(m) = -m**2 - m + 205. What is the tens digit of o(u)?
0
Suppose -4*l - 158 = -58. Let t = 30 + l. Suppose t*c = 68 + 42. What is the tens digit of c?
2
Let h(b) = 2*b - 31. Let d be h(13). Let l be 1 + (-2 - 30/d). Suppose -l*g = -2*g - 222. What is the tens digit of g?
7
Let h = 98 + -81. What is the tens digit of h?
1
Let x be (-8)/32 - 38*(-2)/(-16). What is the units digit of 411/2 - (-6)/(x - 7)?
5
Let r(h) be the first derivative of 2*h**2 - 1 + 1/4*h**4 - 5/3*h**3 + h. What is the tens digit of r(5)?
2
Suppose 3*l - 5*a - 2487 = l, 3*l - 3*a - 3717 = 0. What is the units digit of l?
6
Let p = 348 + -86. What is the hundreds digit of p?
2
Suppose -8 = 4*q, -3*b + b = 2*q - 2826. What is the hundreds digit of b?
4
Let j(h) = -17*h - 33. Let s(a) = 6*a + 11. Let d(y) = -4*j(y) - 11*s(y). Suppose -n = -0*n - 6. What is the tens digit of d(n)?
2
Let l(f) = f**3 + f**2 - f + 44. Suppose -2*b - 2*b + 6 = -2*r, -3*r = -3*b + 9. What is the tens digit of l(b)?
4
Suppose -33*d + 35567 = -5023. What is the units digit of d?
0
Let z(n) be the second derivative of -1/12*n**4 + 0 + 11/20*n**5 - 1/6*n**3 + 5*n + 1/2*n**2. What is the tens digit of z(1)?
1
Let h = 107 - 179. Let l = -42 - h. What is the tens digit of l?
3
Let f be (-54)/126 - (-3398)/7. Suppose 0 = 3*u - 4*h - 221, -5*u - 74 = 4*h - f. What is the tens digit of u?
7
Let y be -5 + 4 + (-61)/1. Let n = y + 11. What is the tens digit of ((-4)/4 - 0)*n?
5
Let q(r) = r + 14. Let b be q(8). What is the units digit of b/6*120/10?
4
Let y(p) = -2881*p**3 + 4*p**2 + 7*p + 5. What is the hundreds digit of y(-1)?
8
Let x = 22 - -34. Suppose 3*q + u = 55, 3*q - 6*q - 2*u = -x. Let s = q + -16. What is the units digit of s?
2
Let b(g) = -14*g**3 + 19*g + 11. What is the tens digit of b(-4)?
3
Let p = -161 - -96. Let f = -29 - p. What is the units digit of f?
6
Let g be (-186)/(-38) + 16/152. Suppose g*n - 260 = 575. What is the hundreds digit of n?
1
Let r(m) = -53*m - 261. What is the units digit of r(-25)?
4
Let f be -1 + 4 - 56/(-8). Suppose -2*s + 2*t = f, 1 - 3 = -2*t. What is the tens digit of -4 + (112/(-1))/s?
2
Let a(s) be the second derivative of s**5/20 - 5*s**4/12 + 5*s**3/3 - 14*s. Let z(q) be the second derivative of a(q). What is the units digit of z(11)?
6
Let u(v) = v**2 - 6*v - 42. Let p be u(-8). Let z = p - 35. What is the tens digit of z?
3
Suppose 28*j - 32065 = 17*j. What is the tens digit of j?
1
Let j be -2 - 0 - (-1 - 6). Suppose -m + 0*v - j*v = -48, 27 = m - 2*v. What is the units digit of (-1)/((-3)/m) - 1?
0
Let m be (-1)/(-3 + (-200)/(-68)). Suppose 1071 = m*i - 986. What is the units digit of i?
1
Let y be ((-12)/(-4) - 4) + 35. Let g = y - 20. What is the tens digit of g?
1
Let y(z) = -z**3 + 5*z**2 + 4*z. Let o be y(6). Let q(p) = -19*p - 2. Let d be q(o). Suppose 5*n - 4 = d. What is the tens digit of n?
4
Let n(x) = -x**3 + 4*x**2 - 4*x + 1. Let p be n(3). What is the hundreds digit of (-7 + -2)/(p*1/30)?
1
Let m(i) = -44 - 47 + 89 - 2*i + 29*i**2. Let h be 45/(-35) + (-4)/(-14). What is the units digit of m(h)?
9
Suppose 5*g = -h + 28, 3*h - 3*g + 9 = 3. Suppose 4*u = -h*c, -2*c + u = -3*c. Let v(n) = 2*n + 37. What is the units digit of v(c)?
7
Suppose 0 = -5*b + 255 - 105. What is the hundreds digit of b*(0 - (-5 - -1))?
1
Suppose l - 440 = -3*l. Suppose 4*n - l = 2*n. What is the tens digit of n?
5
Suppose -414 = -4*l - u, 0 = -0*l - 2*l - u + 206. Let z = l - 50. What is the tens digit of z?
5
Let o(q) = 8*q**2 - 7*q**2 + 2 - q - 9. What is the units digit of o(-8)?
5
Let w = 4 - -126. What is the hundreds digit of w?
1
Let x(b) = -b + 11. Let w be x(7). Suppose 4*q + 240 = 5*r - 45, w*r - q - 239 = 0. What is the units digit of r?
1
Let k(u) = -u**3 - 7*u**2 - 7*u - 4. Let b be k(-6). Suppose 3*n - 4*n - 182 = -b*h, 0 = 5*n. What is the tens digit of h?
9
What is the units digit of (-1)/((11/(-8))/11)?
8
Suppose w = 3*x - 6 - 0, 2*x - 6 = 0. What is the tens digit of (2 - -122)*(4 - w)?
2
Let b be 138/10 + 14/70. Let h(p) = -p**2 + 7*p + 1. Let k be h(6). Suppose -k*o + 168 = b. What is the tens digit of o?
2
Let j be ((-2)/5)/(16/80) + 151. Let c = 304 - j. What is the tens digit of c?
5
Let y be 2/(-6) - (-742)/(-6). Let s be 16/(-24) - y/6. Suppose 0 = -3*x - 2*x + s. What is the units digit of x?
4
Suppose 0*l - 3*v - 13 = -2*l, -2*l + 4*v = -14. Suppose z - l*m = -47, -3*z + 4*m - 86 = -0*m. Let i = z + 46. What is the units digit of i?
4
Suppose 0 = 5*l + 38 - 133. Let q(b) = -b**3 + 19*b**2 + 9*b - 38. What is the hundreds digit of q(l)?
1
Let c(k) be the third derivative of -k**6/120 - 17*k**5/60 + 17*k**4/12 - 13*k**3/3 - 17*k**2. What is the tens digit of c(-19